{"id":248,"date":"2024-07-22T16:26:09","date_gmt":"2024-07-22T14:26:09","guid":{"rendered":"https:\/\/musicalisse.fr\/?page_id=248"},"modified":"2024-07-22T16:26:09","modified_gmt":"2024-07-22T14:26:09","slug":"canope","status":"publish","type":"page","link":"https:\/\/musicalisse.fr\/index.php\/canope\/","title":{"rendered":"Canop\u00e9"},"content":{"rendered":"\n<ul class=\"wp-block-list\">\n<li><strong><span style=\"text-decoration: underline;\"><a href=\"http:\/\/Musique Prim c\u2019est :   Une ressource d\u00e9di\u00e9e \u00e0 l\u2019\u00e9ducation musicale pour les enseignants, les musiciens intervenants, les formateurs et les corps d\u2019inspection. Initialement r\u00e9serv\u00e9 au premier degr\u00e9, le site est d\u00e9sormais accessible aux personnels exer\u00e7ant dans le second degr\u00e9. Une offre l\u00e9gale d\u2019\u0153uvres \u00e0 \u00e9couter et de r\u00e9pertoires pour la chorale, accompagn\u00e9e de supports p\u00e9dagogiques. Un \u00e9clairage sur des th\u00e9matiques, des formations ainsi que sur les \u00e9v\u00e9nements et les parutions du moment. Un partenariat entre le minist\u00e8re de l\u2019\u00c9ducation nationale et l\u2019association \u00ab Tous pour la musique \u00bb au service de la culture patrimoniale, de la connaissance des m\u00e9tiers de la musique et du respect des droits des auteurs et des interpr\u00e8tes.\">Musique Prim<\/a> c\u2019est :\u00a0<\/span><\/strong><\/li>\n<\/ul>\n\n\n\n<p>Un partenariat entre le minist\u00e8re de l\u2019\u00c9ducation nationale et l\u2019association \u00ab\u00a0Tous pour la musique\u00a0\u00bb au service de la culture patrimoniale, de la connaissance des m\u00e9tiers de la musique et du respect des droits des auteurs et des interpr\u00e8tes.<\/p>\n\n\n\n<p>Une ressource d\u00e9di\u00e9e \u00e0 l\u2019\u00e9ducation musicale pour les enseignants, les musiciens intervenants, les formateurs et les corps d\u2019inspection. Initialement r\u00e9serv\u00e9 au premier degr\u00e9, le site est d\u00e9sormais accessible aux personnels exer\u00e7ant dans le second degr\u00e9.<\/p>\n\n\n\n<p>Une offre l\u00e9gale d\u2019\u0153uvres \u00e0 \u00e9couter et de r\u00e9pertoires pour la chorale, accompagn\u00e9e de supports p\u00e9dagogiques.<\/p>\n\n\n\n<p>Un \u00e9clairage sur des th\u00e9matiques, des formations ainsi que sur les \u00e9v\u00e9nements et les parutions du moment.<\/p>\n\n\n\n<p><strong><span style=\"text-decoration: underline;\">La <a href=\"https:\/\/www.quiziniere.com\/login\">QUIZINIERE <\/a>c&rsquo;est :<\/span><\/strong><\/p>\n\n\n\n<p>Un outil qui permet de faire des exerciseurs pour les \u00e9l\u00e8ves. C&rsquo;est top !<\/p>\n","protected":false},"excerpt":{"rendered":"<p>Un partenariat entre le minist\u00e8re de l\u2019\u00c9ducation nationale et l\u2019association \u00ab\u00a0Tous pour la musique\u00a0\u00bb au service de la culture patrimoniale, de la connaissance des m\u00e9tiers de la musique et du respect des droits des auteurs et des interpr\u00e8tes. Une ressource d\u00e9di\u00e9e \u00e0 l\u2019\u00e9ducation musicale pour &hellip; <\/p>\n","protected":false},"author":1,"featured_media":0,"parent":0,"menu_order":0,"comment_status":"closed","ping_status":"closed","template":"","meta":{"ca_portfolio_gallery_project_year":"","ca_portfolio_gallery_client":"","ca_portfolio_gallery_skills":"","ca_portfolio_gallery_url":"","footnotes":""},"class_list":["post-248","page","type-page","status-publish","hentry"],"_links":{"self":[{"href":"https:\/\/musicalisse.fr\/index.php\/wp-json\/wp\/v2\/pages\/248","targetHints":{"allow":["GET"]}}],"collection":[{"href":"https:\/\/musicalisse.fr\/index.php\/wp-json\/wp\/v2\/pages"}],"about":[{"href":"https:\/\/musicalisse.fr\/index.php\/wp-json\/wp\/v2\/types\/page"}],"author":[{"embeddable":true,"href":"https:\/\/musicalisse.fr\/index.php\/wp-json\/wp\/v2\/users\/1"}],"replies":[{"embeddable":true,"href":"https:\/\/musicalisse.fr\/index.php\/wp-json\/wp\/v2\/comments?post=248"}],"version-history":[{"count":1,"href":"https:\/\/musicalisse.fr\/index.php\/wp-json\/wp\/v2\/pages\/248\/revisions"}],"predecessor-version":[{"id":250,"href":"https:\/\/musicalisse.fr\/index.php\/wp-json\/wp\/v2\/pages\/248\/revisions\/250"}],"wp:attachment":[{"href":"https:\/\/musicalisse.fr\/index.php\/wp-json\/wp\/v2\/media?parent=248"}],"curies":[{"name":"wp","href":"https:\/\/api.w.org\/{rel}","templated":true}]}}