{"id":630,"date":"2025-07-01T15:35:22","date_gmt":"2025-07-01T13:35:22","guid":{"rendered":"https:\/\/musicalisse.fr\/?page_id=630"},"modified":"2025-07-01T15:40:36","modified_gmt":"2025-07-01T13:40:36","slug":"musique-zen-3-morceaux","status":"publish","type":"page","link":"https:\/\/musicalisse.fr\/index.php\/musique-zen-3-morceaux\/","title":{"rendered":"Musique zen 3 morceaux"},"content":{"rendered":"\n<p class=\"has-black-color has-pale-pink-background-color has-text-color has-background has-link-color wp-elements-002a0d016a931f7d8cf5d9fc43f69f8b\"><strong>Voici les musiques r\u00e9alis\u00e9es par les \u00e9l\u00e8ves dans l&rsquo;atelier musique Zen<\/strong> (2025)<\/p>\n\n\n\n<p><\/p>\n\n\n\n<p class=\"has-vivid-purple-color has-text-color has-link-color wp-elements-f95cec8c4da6ddbc532295f4dcb79f69\"><strong>1. <span style=\"text-decoration: underline;\">La for\u00eat paisible<\/span> <\/strong><\/p>\n\n\n\n<figure class=\"wp-block-audio\"><audio controls src=\"https:\/\/musicalisse.fr\/wp-content\/uploads\/2025\/07\/1-La-foret-paisible.mp3\"><\/audio><\/figure>\n\n\n\n<p class=\"has-vivid-purple-color has-text-color has-link-color wp-elements-cb7b5c910818634742cf0e8ecd6db072\"><strong>2. <\/strong><span style=\"text-decoration: underline;\"><strong>Le calme avant la temp\u00eate<\/strong> <\/span><\/p>\n\n\n\n<figure class=\"wp-block-audio\"><audio controls src=\"https:\/\/musicalisse.fr\/wp-content\/uploads\/2025\/07\/2-Le-calme-apres-la-tempete.mp3\"><\/audio><\/figure>\n\n\n\n<p class=\"has-vivid-purple-color has-text-color has-link-color wp-elements-711fc04587589a2eefbc7fca05ec55a9\"><strong>3. <span style=\"text-decoration: underline;\">La fin d&rsquo;aventure astrale<\/span><\/strong><\/p>\n\n\n\n<figure class=\"wp-block-audio\"><audio controls src=\"https:\/\/musicalisse.fr\/wp-content\/uploads\/2025\/07\/3-Fin-daventure-astral.mp3\"><\/audio><\/figure>\n\n\n\n<p><\/p>\n","protected":false},"excerpt":{"rendered":"<p>Voici les musiques r\u00e9alis\u00e9es par les \u00e9l\u00e8ves dans l&rsquo;atelier musique Zen (2025) 1. La for\u00eat paisible 2. Le calme avant la temp\u00eate 3. La fin d&rsquo;aventure astrale<\/p>\n","protected":false},"author":1,"featured_media":0,"parent":0,"menu_order":0,"comment_status":"closed","ping_status":"closed","template":"","meta":{"ca_portfolio_gallery_project_year":"","ca_portfolio_gallery_client":"","ca_portfolio_gallery_skills":"","ca_portfolio_gallery_url":"","footnotes":""},"class_list":["post-630","page","type-page","status-publish","hentry"],"_links":{"self":[{"href":"https:\/\/musicalisse.fr\/index.php\/wp-json\/wp\/v2\/pages\/630","targetHints":{"allow":["GET"]}}],"collection":[{"href":"https:\/\/musicalisse.fr\/index.php\/wp-json\/wp\/v2\/pages"}],"about":[{"href":"https:\/\/musicalisse.fr\/index.php\/wp-json\/wp\/v2\/types\/page"}],"author":[{"embeddable":true,"href":"https:\/\/musicalisse.fr\/index.php\/wp-json\/wp\/v2\/users\/1"}],"replies":[{"embeddable":true,"href":"https:\/\/musicalisse.fr\/index.php\/wp-json\/wp\/v2\/comments?post=630"}],"version-history":[{"count":5,"href":"https:\/\/musicalisse.fr\/index.php\/wp-json\/wp\/v2\/pages\/630\/revisions"}],"predecessor-version":[{"id":640,"href":"https:\/\/musicalisse.fr\/index.php\/wp-json\/wp\/v2\/pages\/630\/revisions\/640"}],"wp:attachment":[{"href":"https:\/\/musicalisse.fr\/index.php\/wp-json\/wp\/v2\/media?parent=630"}],"curies":[{"name":"wp","href":"https:\/\/api.w.org\/{rel}","templated":true}]}}