{"id":64,"date":"2024-05-24T10:49:41","date_gmt":"2024-05-24T08:49:41","guid":{"rendered":"https:\/\/musicalisse.fr\/?page_id=64"},"modified":"2024-07-04T12:37:00","modified_gmt":"2024-07-04T10:37:00","slug":"4-2","status":"publish","type":"page","link":"https:\/\/musicalisse.fr\/index.php\/4-2\/","title":{"rendered":"4\u00b0"},"content":{"rendered":"\n<ol class=\"wp-block-list\">\n<li><a href=\"https:\/\/padlet.com\/philippe_heymes\/4-s-quence-1-comment-les-compositeurs-utilisent-ils-la-r-p-t-pa0842fhierm\">Comment les compositeurs utilisent-ils la <strong>r\u00e9p\u00e9tition<\/strong> pour cr\u00e9er ?<\/a><\/li>\n<\/ol>\n\n\n\n<p>2. <a href=\"https:\/\/padlet.com\/philippe_heymes\/4-s-quence-2-comment-l-esclavage-a-t-il-donn-naissance-plusi-i7d9ylal8hs4\">Comment l&rsquo;<strong>esclavage<\/strong> a-t-il donn\u00e9 naissance \u00e0 plusieurs styles musicaux ?<\/a><\/p>\n\n\n\n<p>3. <a href=\"https:\/\/padlet.com\/philippe_heymes\/4-s-quence-3-comment-la-musique-s-est-mise-au-service-d-une--u55ctnbdggz\">Comment la musique s&rsquo;est elle mise au service pour <strong>combattre ou d\u00e9fendre un \u00e9tat ou un pouvoir<\/strong> ?<\/a><\/p>\n\n\n\n<p>4. L<a href=\"https:\/\/padlet.com\/philippe_heymes\/4-s-quence-3-comment-la-musique-s-est-mise-au-service-d-une--u55ctnbdggz\">es <strong>abeilles<\/strong> font leur buzz ?<\/a><\/p>\n\n\n\n<p>5. <a href=\"https:\/\/padlet.com\/philippe_heymes\/4-comment-la-musique-rassemble-t-elle-les-musiciens-h5kocq41oelc\">Comment la musique <strong>rassemble<\/strong>-t-elle les musiciens ?<\/a><\/p>\n","protected":false},"excerpt":{"rendered":"<p>2. Comment l&rsquo;esclavage a-t-il donn\u00e9 naissance \u00e0 plusieurs styles musicaux ? 3. Comment la musique s&rsquo;est elle mise au service pour combattre ou d\u00e9fendre un \u00e9tat ou un pouvoir ? 4. Les abeilles font leur buzz ? 5. Comment la musique rassemble-t-elle les musiciens ?<\/p>\n","protected":false},"author":1,"featured_media":0,"parent":0,"menu_order":0,"comment_status":"closed","ping_status":"closed","template":"","meta":{"ca_portfolio_gallery_project_year":"","ca_portfolio_gallery_client":"","ca_portfolio_gallery_skills":"","ca_portfolio_gallery_url":"","footnotes":""},"class_list":["post-64","page","type-page","status-publish","hentry"],"_links":{"self":[{"href":"https:\/\/musicalisse.fr\/index.php\/wp-json\/wp\/v2\/pages\/64","targetHints":{"allow":["GET"]}}],"collection":[{"href":"https:\/\/musicalisse.fr\/index.php\/wp-json\/wp\/v2\/pages"}],"about":[{"href":"https:\/\/musicalisse.fr\/index.php\/wp-json\/wp\/v2\/types\/page"}],"author":[{"embeddable":true,"href":"https:\/\/musicalisse.fr\/index.php\/wp-json\/wp\/v2\/users\/1"}],"replies":[{"embeddable":true,"href":"https:\/\/musicalisse.fr\/index.php\/wp-json\/wp\/v2\/comments?post=64"}],"version-history":[{"count":7,"href":"https:\/\/musicalisse.fr\/index.php\/wp-json\/wp\/v2\/pages\/64\/revisions"}],"predecessor-version":[{"id":179,"href":"https:\/\/musicalisse.fr\/index.php\/wp-json\/wp\/v2\/pages\/64\/revisions\/179"}],"wp:attachment":[{"href":"https:\/\/musicalisse.fr\/index.php\/wp-json\/wp\/v2\/media?parent=64"}],"curies":[{"name":"wp","href":"https:\/\/api.w.org\/{rel}","templated":true}]}}