{"id":661,"date":"2025-08-28T10:51:12","date_gmt":"2025-08-28T08:51:12","guid":{"rendered":"https:\/\/musicalisse.fr\/?page_id=661"},"modified":"2025-09-02T14:07:55","modified_gmt":"2025-09-02T12:07:55","slug":"ecole-ouverte-aout-2025","status":"publish","type":"page","link":"https:\/\/musicalisse.fr\/index.php\/ecole-ouverte-aout-2025\/","title":{"rendered":"Ecole ouverte ao\u00fbt 2025"},"content":{"rendered":"\n<p class=\"has-text-align-center has-black-color has-vivid-purple-background-color has-text-color has-background has-link-color has-medium-font-size wp-elements-8e66a056e456364826c2d3b3e3de0185\"><strong>Voici les podcasts r\u00e9alis\u00e9s par les \u00e9l\u00e8ves durant la p\u00e9riode de l&rsquo;\u00e9cole ouverte au coll\u00e8ge.<\/strong><\/p>\n\n\n\n<ul class=\"wp-block-list\">\n<li><span style=\"text-decoration: underline;\"><strong>Pr\u00e9sentation des projets de l&rsquo;\u00e9coles ouverte<\/strong><\/span> : Jules, Wassim, Sayfan<\/li>\n<\/ul>\n\n\n\n<figure class=\"wp-block-audio\"><audio controls src=\"https:\/\/musicalisse.fr\/wp-content\/uploads\/2025\/08\/Presentation.mp3\"><\/audio><\/figure>\n\n\n\n<ul class=\"wp-block-list\">\n<li><strong><span style=\"text-decoration: underline;\">Studio 32, le studio d&rsquo;enregistrement du coll\u00e8ge <\/span><\/strong>: Jules, Aimeric, Nathan.<\/li>\n<\/ul>\n\n\n\n<figure class=\"wp-block-audio\"><audio controls src=\"https:\/\/musicalisse.fr\/wp-content\/uploads\/2025\/08\/Studio-32.mp3\"><\/audio><\/figure>\n\n\n\n<ul class=\"wp-block-list\">\n<li><span style=\"text-decoration: underline;\"><strong>Comment oublier l&rsquo;ennui pendant les vacances ?<\/strong><\/span> Mila, Mila, Maylis, Lina.<\/li>\n<\/ul>\n\n\n\n<figure class=\"wp-block-audio\"><audio controls src=\"https:\/\/musicalisse.fr\/wp-content\/uploads\/2025\/08\/Oublie.mp3\"><\/audio><\/figure>\n\n\n\n<ul class=\"wp-block-list\">\n<li><span style=\"text-decoration: underline;\"><strong>Roblox<\/strong><\/span> : Elisa et Tim\u00e9o<\/li>\n<\/ul>\n\n\n\n<figure class=\"wp-block-audio\"><audio controls src=\"https:\/\/musicalisse.fr\/wp-content\/uploads\/2025\/08\/Roblox.mp3\"><\/audio><\/figure>\n\n\n\n<ul class=\"wp-block-list\">\n<li><span style=\"text-decoration: underline;\"><strong>L&rsquo;\u00e9cole ouverte, c&rsquo;est quoi ?<\/strong><\/span> Elodie et Lina<\/li>\n<\/ul>\n\n\n\n<figure class=\"wp-block-audio\"><audio controls src=\"https:\/\/musicalisse.fr\/wp-content\/uploads\/2025\/08\/Ecole-ouverte.mp3\"><\/audio><\/figure>\n\n\n\n<ul class=\"wp-block-list\">\n<li><span style=\"text-decoration: underline;\"><strong>Championnat du monde de Badminton<\/strong><\/span> : Charlotte, Maylis, Elisa<\/li>\n<\/ul>\n\n\n\n<figure class=\"wp-block-audio\"><audio controls src=\"https:\/\/musicalisse.fr\/wp-content\/uploads\/2025\/09\/Badminton2.mp3\"><\/audio><\/figure>\n\n\n\n<ul class=\"wp-block-list\">\n<li><span style=\"text-decoration: underline;\"><strong>Les dangers de la mer<\/strong><\/span> : Robin, Aymeric, Noah, Loric<\/li>\n<\/ul>\n\n\n\n<figure class=\"wp-block-audio\"><audio controls src=\"https:\/\/musicalisse.fr\/wp-content\/uploads\/2025\/08\/Mer.mp3\"><\/audio><\/figure>\n\n\n\n<ul class=\"wp-block-list\">\n<li><span style=\"text-decoration: underline;\"><strong>Les feux de for\u00eats en \u00e9t\u00e9<\/strong><\/span> : Gabriel, Ma\u00ebl, Izia<\/li>\n<\/ul>\n\n\n\n<figure class=\"wp-block-audio\"><audio controls src=\"https:\/\/musicalisse.fr\/wp-content\/uploads\/2025\/08\/Feux.mp3\"><\/audio><\/figure>\n\n\n\n<p class=\"has-text-align-center\">__________________________<\/p>\n\n\n\n<p class=\"has-text-align-center has-black-color has-vivid-green-cyan-background-color has-text-color has-background has-link-color has-medium-font-size wp-elements-a5431518a46b46f19c7d1af9b0e2c76f\">Productions musicales dans le studio 32 <\/p>\n\n\n\n<p><strong><span style=\"text-decoration: underline;\">My song<\/span><\/strong> : Nathan<\/p>\n\n\n\n<figure class=\"wp-block-audio\"><audio controls src=\"https:\/\/musicalisse.fr\/wp-content\/uploads\/2025\/08\/nathan.mp3\"><\/audio><\/figure>\n\n\n\n<p><span style=\"text-decoration: underline;\"><strong>Dream <\/strong><\/span>: Nathan<\/p>\n\n\n\n<figure class=\"wp-block-audio\"><audio controls src=\"https:\/\/musicalisse.fr\/wp-content\/uploads\/2025\/08\/Dream.mp3\"><\/audio><\/figure>\n\n\n\n<p><span style=\"text-decoration: underline;\"><strong>Music ???<\/strong><\/span> : Nathan<\/p>\n\n\n\n<figure class=\"wp-block-audio\"><audio controls src=\"https:\/\/musicalisse.fr\/wp-content\/uploads\/2025\/08\/Music.mp3\"><\/audio><\/figure>\n\n\n\n<p><span style=\"text-decoration: underline;\"><strong>Strange<\/strong><\/span> : Elisa<\/p>\n\n\n\n<figure class=\"wp-block-audio\"><audio controls src=\"https:\/\/musicalisse.fr\/wp-content\/uploads\/2025\/08\/Strange-.mp3\"><\/audio><\/figure>\n\n\n\n<p><span style=\"text-decoration: underline;\"><strong>My Project <\/strong><\/span>: Jules<\/p>\n\n\n\n<figure class=\"wp-block-audio\"><audio controls src=\"https:\/\/musicalisse.fr\/wp-content\/uploads\/2025\/08\/My-project.mp3\"><\/audio><\/figure>\n\n\n\n<p><\/p>\n","protected":false},"excerpt":{"rendered":"<p>Voici les podcasts r\u00e9alis\u00e9s par les \u00e9l\u00e8ves durant la p\u00e9riode de l&rsquo;\u00e9cole ouverte au coll\u00e8ge. __________________________ Productions musicales dans le studio 32 My song : Nathan Dream : Nathan Music ??? : Nathan Strange : Elisa My Project : Jules<\/p>\n","protected":false},"author":1,"featured_media":0,"parent":0,"menu_order":0,"comment_status":"closed","ping_status":"closed","template":"","meta":{"ca_portfolio_gallery_project_year":"","ca_portfolio_gallery_client":"","ca_portfolio_gallery_skills":"","ca_portfolio_gallery_url":"","footnotes":""},"class_list":["post-661","page","type-page","status-publish","hentry"],"_links":{"self":[{"href":"https:\/\/musicalisse.fr\/index.php\/wp-json\/wp\/v2\/pages\/661","targetHints":{"allow":["GET"]}}],"collection":[{"href":"https:\/\/musicalisse.fr\/index.php\/wp-json\/wp\/v2\/pages"}],"about":[{"href":"https:\/\/musicalisse.fr\/index.php\/wp-json\/wp\/v2\/types\/page"}],"author":[{"embeddable":true,"href":"https:\/\/musicalisse.fr\/index.php\/wp-json\/wp\/v2\/users\/1"}],"replies":[{"embeddable":true,"href":"https:\/\/musicalisse.fr\/index.php\/wp-json\/wp\/v2\/comments?post=661"}],"version-history":[{"count":27,"href":"https:\/\/musicalisse.fr\/index.php\/wp-json\/wp\/v2\/pages\/661\/revisions"}],"predecessor-version":[{"id":722,"href":"https:\/\/musicalisse.fr\/index.php\/wp-json\/wp\/v2\/pages\/661\/revisions\/722"}],"wp:attachment":[{"href":"https:\/\/musicalisse.fr\/index.php\/wp-json\/wp\/v2\/media?parent=661"}],"curies":[{"name":"wp","href":"https:\/\/api.w.org\/{rel}","templated":true}]}}