{"id":67,"date":"2024-05-24T10:49:51","date_gmt":"2024-05-24T08:49:51","guid":{"rendered":"https:\/\/musicalisse.fr\/?page_id=67"},"modified":"2024-07-04T12:48:21","modified_gmt":"2024-07-04T10:48:21","slug":"3-2","status":"publish","type":"page","link":"https:\/\/musicalisse.fr\/index.php\/3-2\/","title":{"rendered":"3\u00b0"},"content":{"rendered":"\n<ol class=\"wp-block-list\">\n<li><a href=\"https:\/\/padlet.com\/philippe_heymes\/3-s-quence-1-comment-les-musiciens-d-noncent-ils-la-soci-t-d-iu3vocsa1d99\">Comment les musiciens d\u00e9noncent-ils la <strong>soci\u00e9t\u00e9 de consommation<\/strong> ?<\/a><\/li>\n<\/ol>\n\n\n\n<p>2. <a href=\"https:\/\/padlet.com\/philippe_heymes\/3-s-quence-2-l-interpr-tation-d-une-musique-a-t-elle-son-imp-zyvwtt7481f7\">L&rsquo;<strong>interpr\u00e9tation<\/strong> de la musique a-t-elle un sens ?<\/a><\/p>\n\n\n\n<p>3. <a href=\"https:\/\/padlet.com\/philippe_heymes\/3-s-quence-3-quelle-est-la-part-du-son-dans-la-publicit-lu9u26a3y673\">Quelle est la part du son dans <strong>la publicit\u00e9 <\/strong>?<\/a><\/p>\n\n\n\n<p>4. <a href=\"https:\/\/padlet.com\/philippe_heymes\/3-s-quence-3-comment-la-musique-exprime-t-elle-son-engagemen-50gn2e7z7sgp\">Comment la musique exprime-t-elle son <strong>engagement face au pouvoir<\/strong> ?<\/a><\/p>\n\n\n\n<p>5. <a href=\"https:\/\/padlet.com\/philippe_heymes\/3-s-quence-4-comment-le-cin-ma-et-la-musique-collaborent-ils-qo30w4ly6ny\">Comment le <strong>cin\u00e9ma et la musique<\/strong> collaborent-ils ?<\/a><\/p>\n\n\n\n<p>6. <a href=\"https:\/\/padlet.com\/philippe_heymes\/3-_comment-l-op-ra-s-est-il-impos-comme-un-art-total-93syj8kenpej\">Comment l&rsquo;<strong>op\u00e9ra<\/strong> s&rsquo;est-il impos\u00e9 comme art total ?<\/a><\/p>\n\n\n\n<p>7. <a href=\"https:\/\/padlet.com\/philippe_heymes\/3-comment-la-musique-lectronique-a-t-elle-su-se-d-velopper-p-410dkhyi8h7c\">Comment la <strong>musique \u00e9lectronique<\/strong> se d\u00e9veloppe pour cr\u00e9er de nouveaux genres ?<\/a><\/p>\n","protected":false},"excerpt":{"rendered":"<p>2. L&rsquo;interpr\u00e9tation de la musique a-t-elle un sens ? 3. Quelle est la part du son dans la publicit\u00e9 ? 4. Comment la musique exprime-t-elle son engagement face au pouvoir ? 5. Comment le cin\u00e9ma et la musique collaborent-ils ? 6. Comment l&rsquo;op\u00e9ra s&rsquo;est-il impos\u00e9 &hellip; <\/p>\n","protected":false},"author":1,"featured_media":0,"parent":0,"menu_order":0,"comment_status":"closed","ping_status":"closed","template":"","meta":{"ca_portfolio_gallery_project_year":"","ca_portfolio_gallery_client":"","ca_portfolio_gallery_skills":"","ca_portfolio_gallery_url":"","footnotes":""},"class_list":["post-67","page","type-page","status-publish","hentry"],"_links":{"self":[{"href":"https:\/\/musicalisse.fr\/index.php\/wp-json\/wp\/v2\/pages\/67","targetHints":{"allow":["GET"]}}],"collection":[{"href":"https:\/\/musicalisse.fr\/index.php\/wp-json\/wp\/v2\/pages"}],"about":[{"href":"https:\/\/musicalisse.fr\/index.php\/wp-json\/wp\/v2\/types\/page"}],"author":[{"embeddable":true,"href":"https:\/\/musicalisse.fr\/index.php\/wp-json\/wp\/v2\/users\/1"}],"replies":[{"embeddable":true,"href":"https:\/\/musicalisse.fr\/index.php\/wp-json\/wp\/v2\/comments?post=67"}],"version-history":[{"count":7,"href":"https:\/\/musicalisse.fr\/index.php\/wp-json\/wp\/v2\/pages\/67\/revisions"}],"predecessor-version":[{"id":190,"href":"https:\/\/musicalisse.fr\/index.php\/wp-json\/wp\/v2\/pages\/67\/revisions\/190"}],"wp:attachment":[{"href":"https:\/\/musicalisse.fr\/index.php\/wp-json\/wp\/v2\/media?parent=67"}],"curies":[{"name":"wp","href":"https:\/\/api.w.org\/{rel}","templated":true}]}}